14.
108
1110101100000 (base 2) to base 16
1d60
-1487 (base 10) to base 11
-1132
Convert 10010100001 (base 2) to base 7.
3312
-446 (base 10) to base 7
-1205
What is 120020202 (base 3) in base 11?
8397
What is -5015 (base 12) in base 4?
-2013101
What is -2334 (base 6) in base 3?
-202211
What is -1010110100011 (base 2) in base 14?
-2039
What is 1111011100110 (base 2) in base 4?
1323212
10301031 (base 4) to base 16
4c4d
What is -18076 (base 11) in base 13?
-b719
What is b51 (base 13) in base 6?
12525
Convert -2139 (base 12) to base 3.
-12000000
What is -58208 (base 10) in base 7?
-331463
-276 (base 15) to base 5
-4221
What is 1140 (base 12) in base 5?
30140
-2787 (base 13) to base 6
-42200
3662 (base 8) to base 4
132302
-1110100111101 (base 2) to base 8
-16475
Convert -11001 (base 2) to base 10.
-25
Convert -483 (base 15) to base 8.
-1777
44115 (base 7) to base 15
340c
1132000 (base 4) to base 6
43504
-4657 (base 9) to base 3
-11201221
-864 (base 11) to base 4
-100032
-20a8 (base 15) to base 14
-2736
What is -1b4a5 (base 12) in base 9?
-61428
What is 12133012 (base 4) in base 5?
1322231
31200123 (base 4) to base 15
115d3
-4612 (base 7) to base 6
-11431
5047 (base 8) to base 16
a27
What is -22001010 (base 3) in base 12?
-3486
2105 (base 7) to base 14
3ac
What is 42737 (base 8) in base 2?
100010111011111
What is 21443 (base 6) in base 15?
d39
Convert -31630 (base 8) to base 15.
-3da8
1301122 (base 4) to base 8
16132
Convert -35104 (base 6) to base 2.
-1001110010000
What is 111110010111001 (base 2) in base 14?
b8c9
What is -13433 (base 6) in base 3?
-2220010
663 (base 11) to base 14
40b
-21020311 (base 4) to base 10
-37429
11100100 (base 2) to base 6
1020
Convert -530 (base 6) to base 9.
-240
What is -1110100110110 (base 2) in base 5?
-214403
-63465 (base 7) to base 3
-210111200
Convert 114035 (base 6) to base 10.
9959
-2586 (base 9) to base 12
-1159
What is -30112231 (base 4) in base 9?
-76367
Convert -5ea (base 15) to base 13.
-7c6
What is 1403041 (base 5) in base 16?
6f69
-30b (base 12) to base 13
-281
Convert 1101111100 (base 2) to base 12.
624
Convert 1b6 (base 13) to base 3.
102210
-626 (base 10) to base 9
-765
Convert 3398 (base 10) to base 3.
11122212
What is 200522 (base 6) in base 12?
9142
-32525 (base 7) to base 11
-6142
Convert 21030102 (base 4) to base 7.
214524
What is 3344 (base 5) in base 15?
219
What is 5622 (base 9) in base 2?
1000000110111
What is 110101110000 (base 2) in base 4?
311300
Convert 243 (base 14) to base 8.
703
What is -3104 (base 15) in base 14?
-3ab8
Convert 11034 (base 6) to base 10.
1534
4044441 (base 5) to base 15
1469b
Convert 818 (base 13) to base 6.
10205
-553 (base 12) to base 13
-483
What is -373 (base 9) in base 5?
-2214
163a (base 12) to base 6
20114
-73a2 (base 15) to base 14
-8ca8
Convert 20022 (base 6) to base 9.
3515
Convert 10331 (base 6) to base 5.
21143
Convert 120033 (base 4) to base 11.
1190
Convert -11010010100 (base 2) to base 13.
-9c7
Convert 3818 (base 9) to base 8.
5444
11010010010111 (base 2) to base 4
3102113
What is 1ba (base 12) in base 9?
347
What is 413112 (base 5) in base 8?
32334
Convert 80 (base 13) to base 14.
76
-1771 (base 14) to base 10
-4215
What is 14366 (base 11) in base 10?
20400
522 (base 12) to base 15
34b
Convert -7cc (base 13) to base 16.
-547
Convert -1c3 (base 14) to base 15.
-197
Convert 3601 (base 13) to base 16.
1db6
Convert -a19 (base 12) to base 15.
-676
What is -1d1 (base 16) in base 3?
-122020
What is 1211 (base 5) in base 6?
501
11010110100100 (base 2) to base 15
4107
Convert -6366 (base 10) to base 6.
-45250
-434221 (base 5) to base 12
-8788
Convert -32f (base 16) to base 15.
-395
Convert 21212021 (base 3) to base 12.
3397
-369 (base 10) to base 8
-561
-4a6 (base 11) to base 14
-30c
1330 (base 14) to base 7
12560
-218 (base 12) to base 10
-308
11333 (base 4) to base 10
383
584 (base 10) to base 16
248
What is -10110110010100 (base 2) in base 7?
-46006
101210 (base 4) to base 16
464
10000011101101111 (base 2) to base 8
203557
What is 13310 (base 4) in base 9?
615
What is -3a79 (base 12) in base 8?
-15075
-530 (base 6) to base 9
-240
What is 424042 (base 7) in base 11?
50197
Convert -126126 (base 8) to base 15.
-d113
Convert -4080 (base 12) to base 2.
-1101101100000
What is 733 (base 12) in base 3?
1102210
252 (base 9) to base 3
21202
Convert 1ee6 (base 15) to base 11.
5079
-300 (base 11) to base 12
-263
-32315 (base 7) to base 11
-6057
-17519 (base 10) to base 8
-42157
-7a19 (base 11) to base 9
-15418
What is 43553 (base 8) in base 7?
104206
Convert -656a (base 14) to base 11.
-121a4
What is 1011323 (base 4) in base 2?
1000101111011
What is 101110 (base 2) in base 16?
2e
18a5 (base 12) to base 8
5675
What is 12011212 (base 3) in base 4?
323000
Convert 11011011 (base 2) to base 16.
db
212042 (base 6) to base 3
212201222
Convert 23116 (base 9) to base 3.
210010120
-365 (base 16) to base 2
-1101100101
Convert 111010011100 (base 2) to base 15.
1195
What is -7002 (base 13) in base 8?
-36025
Convert -311 (base 10) to base 6.
-1235
-6630 (base 13) to base 10
-14235
1b681 (base 15) to base 2
10101110010000101
-345515 (base 7) to base 4
-33020231
What is -341324 (base 5) in base 14?
-4597
10111120 (base 3) to base 16
9f9
Convert -515 (base 10) to base 16.
-203
-411b (base 13) to base 15
-29db
Convert -9c (base 13) to base 3.
-11210
What is -4b3a (base 12) in base 2?
-10000101011110
Convert 60 (base 11) to base 4.
1002
13b3 (base 12) to base 3
10011000
What is 62e4 (base 16) in base 12?
12798
Convert -3b32 (base 12) to base 16.
-1a96
What is -111111000 (base 2) in base 5?
-4004
9ea5 (base 16) to base 7
226256
1898 (base 15) to base 6
40342
301423 (base 7) to base 15
10187
750 (base 8) to base 11
404
Convert -37c2 (base 13) to base 2.
-1111011111100
-10111111101 (base 2) to base 3
-2002210
What is 14 (base 13) in base 12?
15
What is -275 (base 11) in base 10?
-324
What is 200 (base 5) in base 8?
62
What is 2111010020 (base 3) in base 4?
23330202
What is 1453 (base 7) in base 13?
355
201331 (base 4) to base 12
1311
-111000 (base 2) to base 3
-2002
Convert -1012002 (base 3) to base 8.
-1542
11304 (base 10) to base 8
26050
110100110100 (base 2) to base 4
310310
572 (base 12) to base 6
3422
Convert -2b4 (base 16) to base 14.
-376
11101000100 (base 2) to base 13
b01
Convert -2595 (base 15) to base 16.
-1f4f
Convert -9a13 (base 13) to base 11.
-15157
Convert 20b34 (base 13) to base 3.
2222222002
What is 2167 (base 11) in base 7?
11220
What is 1210 (base 8) in base 2?
1010001000
Convert 133312 (base 4) to base 13.
c0a
-101122 (base 4) to base 16
-45a
55320 (base 7) to base 13
641a
What is 11331 (base 5) in base 2?
1101001001
-22500 (base 6) to base 12
-1a30
What is 2c55 (base 13) in base 10?
6492
1123 (base 6) to base 15
12c
What is -130223 (base 5) in base 13?
-23c6
Convert -24310 (base 7) to base 3.
-22200101
12114 (base 7) to base 3
11022120
What is 103312 (base 5) in base 15?
10dc
Convert 4b1 (base 12) to base 4.
23011
What is 2624 (base 8) in base 10?
1428
What is 8c1 (base 13) in base 11?
1152
103222 (base 7) to base 14
6782
Convert -4b6 (base 14) to base 7.
-2516
Convert ac31 (base 15) to base 10.
36496
-355a (base 14) to base 4
-2101030
What is 10001111000010 (base 2) in base 13?
4222
101112212 (base 3) to base 6
55335
Convert 3159 (base 10) to base 9.
4300
Convert -1001202 (base 3) to base 11.
-646
-c0e (base 15) to base 2
-101010011010
Convert 295 (base 10) to base 7.
601
What is 43 (base 13) in base 5?
210
What is 3107 (base 8) in base 4?
121013
What is -32832 (base 10) in base 7?
-164502
17136 (base 10) to base 3
212111200
Convert -20032 (base 4) to base 9.
-644
14a2a (base 12) to base 4
13013002
What is -1010001122 (base 3) in base 6?
-245242
Convert 18957 (base 12) to base 15.
a99d
-21292 (base 10) to base 3
-1002012121
Convert -410 (base 9) to base 11.
-283
-1113311 (base 6) to base 4
-31302223
Convert -23003120 (base 4) to base 8.
-130330
What is 23010311 (base 4) in base 2?
1011000100110101
Convert -10001101000111 (base 2) to base 5.
-242111
2c8c (base 14) to base 7
32135
Convert 12100 (base 5) to base 9.
1210
Convert -40136 (base 7) to base 5.
-302210
What is -100110111011001 (base 2) in base 12?
-b649
What is -149 (base 12) in base 11?
-173
Convert -1243 (ba